hen 43 is divided by b?
20
Let j(q) = 14*q - 3. Let c be j(5). Let h = -37 + c. What is the remainder when h is divided by 11?
8
Let q(n) = -12*n + 3. Let g be q(-4). Suppose 0*u = u - g. What is the remainder when u is divided by 18?
15
Let l(p) = -p**3 - 5*p**2 + 21*p - 10. What is the remainder when 51 is divided by l(-8)?
9
Calculate the remainder when -6*(-8)/3 - 2 is divided by (-2 - 1)*(-8)/6.
2
Suppose -x - 2 = -2*m, 2*x - m = 5*x - 29. Suppose 3*j + x = 4*k, 6 = 2*k + j - 2*j. Calculate the remainder when 13 is divided by k.
3
Let o = 222 + -108. What is the remainder when o/15 - (-4)/10 is divided by 5?
3
Let l be 1/((-1)/18*-1). Suppose -t = 2*t - l. Suppose 0 = -t*v + v + 65. What is the remainder when 24 is divided by v?
11
Let b = -11 + 18. Let m(t) = t - 2. Calculate the remainder when m(b) is divided by 3.
2
What is the remainder when (1/3)/((-17 - -3)/(-3612)) is divided by (-410)/(-14) - (-4)/(-14)?
28
Let x = -13 + 19. What is the remainder when 9 is divided by x?
3
Suppose -3 - 1 = -2*v. Suppose -v*w + 34 = -u, -7*u + 2*u - 20 = 0. Calculate the remainder when w is divided by (-20)/(-6)*(-240)/(-100).
7
Let n be (-2 + (4 - 1))*-4. Let v(f) = -3*f - 3. What is the remainder when v(n) is divided by (-3 + 2)*(-5 + 0)?
4
Let h(m) = -9*m**3 - 2*m**2 - m - 1. What is the remainder when h(-3) is divided by 46?
43
Suppose 15*y - 13*y = 46. Calculate the remainder when 67 is divided by y.
21
Let a(x) = -x**3 + 9*x**2 + 8*x + 10. Let v be a(10). Let l = v - -17. What is the remainder when 23 is divided by l?
2
Let v(h) = h**3 - h + 5. Let s be v(0). Suppose -3*q = -s*j - 130 + 339, -2*q = 6. Suppose 4*i - 3*i = 14. Calculate the remainder when j is divided by i.
12
Suppose -2*r = 4*c - 90 + 26, -r - 19 = -c. What is the remainder when c is divided by 6?
5
Suppose 7*h = 4*h + 114. What is the remainder when h is divided by 8?
6
Suppose 4*l - 15 - 11 = 2*t, -4*l = 5*t - 19. Calculate the remainder when 5/(10/4) - -6 is divided by l.
2
Suppose 0 = o + 2 - 7. Suppose -2*a + 39 = o. What is the remainder when 31 is divided by a?
14
Let r = -9 + 47. Calculate the remainder when r is divided by 20.
18
Let x(t) be the second derivative of -t**4/12 + 13*t**3/6 - 15*t**2/2 - 4*t. Let v(l) = 28*l**2 + l + 1. What is the remainder when v(-1) is divided by x(10)?
13
Suppose 0*a - 5*a + q = -26, -a - 5*q = -26. Suppose w - a - 14 = 0. Suppose t - 7 = 2*g, -w + 8 = -4*g. Calculate the remainder when 37 is divided by t.
11
Suppose 3*j + 144 = -4*x, 0 = -5*x - 4*j - 61 - 120. Calculate the remainder when (-8)/16 + x/(-2) is divided by 9.
7
Let i = 18 + -21. Calculate the remainder when -2 - (4 - 115 - i) is divided by 27.
25
Calculate the remainder when -28*36/21*-1 is divided by 10.
8
Let m be (-2 - -5)*10/3. Suppose 170 = 5*n + s - m, -4*n = 2*s - 144. Suppose -2*t + 8 = -n. Calculate the remainder when t is divided by 6.
4
Suppose 0*m + 5*m - 314 = z, -3*z + 66 = m. Let c = -34 + m. Calculate the remainder when c is divided by 15.
14
What is the remainder when 41 is divided by 4/6*(-33)/(-2)?
8
Let p = -7 - 4. Let l = -7 - p. Calculate the remainder when 10 is divided by l.
2
Suppose -33 - 13 = -t. Suppose a - 4*q - t = 0, -3*a - q + 108 = 2*q. Calculate the remainder when a is divided by 13.
12
Suppose u + 4*u = 3*s - 2, 0 = -4*s + 16. Suppose -z - u*z = -39. Let a = z + -7. Calculate the remainder when 16 is divided by a.
4
Let j = -107 + 136. Calculate the remainder when j is divided by 11.
7
Suppose 5*g - 68 = -2*m, m = -3*g - 2*m + 48. Let s = 18 - g. Calculate the remainder when s is divided by 4.
2
Let p(f) = -31*f**2 - 2*f - 1. Let n be p(-1). Let o = 19 - n. Suppose 3*b - 2*k - 59 = 0, -2*k = 2*k + 16. What is the remainder when o is divided by b?
15
Let l be ((-33)/4)/((-4)/64). Suppose 0 = 4*w - 4*f - l, -f = -3 + 2. What is the remainder when w is divided by (-3 - -2)*3 - -21?
16
Let o(v) = -10*v**3 + 2*v - 1. Let d be o(2). Let y = 139 + d. Suppose 214 = 4*s + y. Calculate the remainder when s is divided by 13.
12
Let w = 0 + -2. Let q be (-6)/(-1 - 10/(-6)). Calculate the remainder when (-228)/q + w/6 is divided by 9.
7
Let s = 85 + -43. Suppose -6*b + 9*b - s = 0. Calculate the remainder when 26 is divided by b.
12
Let c(n) = 2*n**2 - 16*n - 19. What is the remainder when 56 is divided by c(10)?
14
Let x be (2/3)/((-5)/(-15)). Let k be (x + (2 - 90))/(-2). Suppose 5*r - 40 = -3*s, 3*r + 3*s = 5*s + k. Calculate the remainder when r is divided by 6.
5
Suppose 0*z = 4*z - 84. Calculate the remainder when 83 is divided by z.
20
Let m be (-45)/(3/(-6) - 1). Let s be (6/5)/((-9)/m). Let p(n) = -n. What is the remainder when 11 is divided by p(s)?
3
Let j(a) = 6*a**2 + a + 2. Let o(h) = -4*h**2 - 2*h. Let b be o(-1). Calculate the remainder when j(b) is divided by 5.
4
Let s = 55 + -40. What is the remainder when s is divided by 6?
3
What is the remainder when 44 is divided by (-3)/(-1) - 3*-2?
8
Let c be 3 + -3 + 651/(-3). Let b = c - -338. What is the remainder when b is divided by 31?
28
Suppose 0 = -o + 4 + 1, 4*g = 3*o + 313. Calculate the remainder when g is divided by 2/(3/(41 - -1)).
26
What is the remainder when (6 + -1)*(-9)/(-15) is divided by 2?
1
Suppose -15 = 6*h - 3*h, 0 = -b + 4*h + 26. Let l(f) = -f**3 + 12*f**2 - 9*f - 6. Let q be l(11). Calculate the remainder when b is divided by q/6*(-9)/(-6).
2
Suppose -2*m + 3*c = -121, -2*m - c + 101 = -0*m. Calculate the remainder when m is divided by 14.
11
Let q(n) = 3*n - 13. Calculate the remainder when 7 is divided by q(6).
2
What is the remainder when 1*(2 + -9)*-1 is divided by 26/10 - (-2)/5?
1
Let b(t) = -t**3 - 4*t**2 - 5*t - 4. Let v(x) be the third derivative of x**4/24 + 5*x**3/3 - 5*x**2. What is the remainder when v(-6) is divided by b(-3)?
0
Let l = -16 + 33. What is the remainder when 118 is divided by l?
16
Let i = -17 + 24. Calculate the remainder when 26 is divided by i.
5
Calculate the remainder when 5 is divided by (18/21)/((-6)/(-28)).
1
Let b be (1*-1)/((-1)/(-2)). Let v = 46 - 28. Calculate the remainder when b/(-1 - 16/(-17)) is divided by v.
16
Let x be (-45)/6*(-30)/9. Suppose 0 = -2*o - x - 13. Let s = 34 + o. What is the remainder when s is divided by 9?
6
Let y(w) = w**2 - 4*w + 2. Let n be y(3). Let g be -2 - -73 - n*2. Let v = g + -52. Calculate the remainder when v is divided by 8.
5
Let x = -10 - -18. Suppose -2*z - 2 = 3*u - 5, 4*u = z + 26. Let r(v) = -v**2 - 9*v - 4. What is the remainder when r(z) is divided by x?
6
Let n = 1 + -1. Let g(b) be the third derivative of -b**6/120 - b**5/60 + 47*b**3/6 - b**2. What is the remainder when g(n) is divided by 16?
15
Let h = 0 + 4. Suppose 8*p - h*p = 44. Let t = p + -7. Calculate the remainder when 6 is divided by t.
2
What is the remainder when 11 is divided by (-3 - (-18)/4)*28/6?
4
Suppose -b + 0 = -4. Suppose 3*u + 2*g - 15 = 0, 2*u - 2*g = 4 + 16. What is the remainder when u is divided by b?
3
Let s(r) = -r**3 - 7*r**2 - 7*r + 3. Let b be s(-6). Let m = b + -4. Suppose k + 32 = 5*k. What is the remainder when k is divided by m?
3
Let h = 21 - -2. Let y = -62 - -152. What is the remainder when y is divided by h?
21
Suppose -5 = -3*h + 4. Suppose -u - 3 = c - 2*u, u = h*c + 1. Calculate the remainder when 20 + (1 - 2/c) is divided by 5.
4
Suppose -3*i + 3*u + 104 = i, -5*u - 112 = -4*i. Calculate the remainder when 67 is divided by i.
21
Suppose 3*f - t + 5*t - 38 = 0, 2*f - 26 = -2*t. Suppose 120 - 10 = 2*i. What is the remainder when i is divided by f?
13
Suppose 3 = -3*x + 15. What is the remainder when x is divided by 2?
0
Suppose 99 = 2*a + a - 3*j, a - 25 = -j. Let z = -23 - -33. What is the remainder when a is divided by z?
9
Let d = 12 + 2. Calculate the remainder when 55 is divided by d.
13
Let j(t) = -t**3 + 3*t - 6. Let v be j(6). What is the remainder when (-4)/6*v/2 is divided by 23?
22
Suppose 28 = 6*x + x. What is the remainder when 40 is divided by x?
0
Suppose 2 = -2*l + 2*o, -4*o = -2*o - 8. Suppose -a - l*v + 9 = -9, v = 3. Calculate the remainder when 25 is divided by a.
7
What is the remainder when 197 is divided by (40/12)/((-4)/(-24))?
17
Let p(t) = -15*t - 62. Calculate the remainder when p(-9) is divided by 19.
16
Let m(k) = 21*k**3 - k**2 + 1. Let p(q) = -19*q + 2. 